 0. What are the prime factors of 6/o*(-102)/6?
2, 17
Suppose -c = 12 - 13. What are the prime factors of ((c + 6)*(-282)/(-7))/2?
3, 47
Let p be ((-2)/1)/(-2) + 4. Suppose -5*s = -5 - p. Suppose l - 19 = -s*g, 7*l = 4*l - g + 42. What are the prime factors of l?
13
Let q = 65 - 63. Suppose -3*a = a + q*p - 464, 3*a - 355 = 2*p. What are the prime factors of a?
3, 13
Suppose -3*k - d = -3399, 16*d - 17*d = 5*k - 5667. List the prime factors of k.
2, 3, 7
Let f be 912/(-15) + 8/10. Let o = f + 103. What are the prime factors of o?
43
Let o(r) be the second derivative of r**3 - 4*r**2 - 15*r. What are the prime factors of o(5)?
2, 11
List the prime factors of ((-22)/(-55) - (-541)/(-15))*-75.
5, 107
What are the prime factors of ((-153)/18)/(-17)*564?
2, 3, 47
Suppose -2*b = 2*z - 176, z - 3*b - 2*b - 118 = 0. Let m = z - 36. What are the prime factors of m?
3, 19
List the prime factors of ((-23287)/(-58))/(1*2)*8.
2, 11, 73
Suppose -70 = 3*c - 4*p, c + 4*p = -p + 2. What are the prime factors of 42/9 + c/27?
2
What are the prime factors of (2370/(-4) + 0)*(-636)/477?
2, 5, 79
Suppose 3*c + 0*c = 0. Suppose p + p = c. Suppose p*q - q + 8 = 0. List the prime factors of q.
2
List the prime factors of 2019 + -1 + -2 + 3.
3, 673
Let x be (9/(-12) - 0)*8. Let o(n) = -n**2 - 6*n + 3. Let r be o(x). Suppose b - 20 = 5*b, r*b = f - 25. What are the prime factors of f?
2, 5
Let r(w) = w**3 - 10*w**2 - w. Let c be r(10). Let k be 6/c - 12/(-20). Suppose k*b - 3*b = -75. List the prime factors of b.
5
Let t(h) = -h**3 + 9*h**2 + 2*h - 9. Let q be t(7). Let s = q + -19. What are the prime factors of s?
2, 3, 7
Let h be (2 - -1) + -1 + -4. Let w be h + 3 + (-4)/(-4). List the prime factors of 3/6*w + 11.
2, 3
Let n(p) = -p**3 - 3*p**2 + 5*p + 6. Let b be n(-5). Let t = b + -31. Suppose -3*x + a = -8*x + 307, -2*x - 5*a + 132 = t. List the prime factors of x.
61
Let o(s) = -s**2 - s - 1. Let j(l) = 3*l**2 + 20*l + 6. Let h(x) = -j(x) - 4*o(x). Let m be h(16). What are the prime factors of (-207)/(-6) - (-1)/m?
2, 17
What are the prime factors of 28/24 + -1 - (-20993)/42?
2, 5
Let r = 556 - -418. What are the prime factors of r?
2, 487
Let q(r) be the third derivative of r**5/30 + r**4/12 + 5*r**2. Suppose -5*m = -x - 11 - 0, 5 = -x + 3*m. List the prime factors of q(x).
2, 5
Suppose 4*s - 327 = -5*h, -4*s + 4*h = -6*s + 162. List the prime factors of s.
83
Let c(q) be the first derivative of q**3 - 3*q**2 + 3*q + 6. What are the prime factors of c(-3)?
2, 3
Let z(w) = -3 + 2*w + 4*w - 5*w. Suppose -3*f = 0, -j - 32 = -5*j - 2*f. What are the prime factors of z(j)?
5
Suppose -5*c + 20512 = 2*u, 8*u + 4103 = c + 9*u. What are the prime factors of c?
2, 7, 293
Suppose -8*t = -16 - 176. What are the prime factors of t + 5*4/10?
2, 13
Let n(p) = 5*p**2 - 23*p - 9. What are the prime factors of n(-6)?
3, 103
Suppose 4*f = -3*v, 2*v + 2*f = 5*f. Suppose 3*w - 16 = b, 4*w = -v*w + 4*b + 32. What are the prime factors of w?
2
Suppose -3*f + 10 = x + 3, -4*f = -4. Suppose 67 = x*w - 65. Suppose 2*r - i = w, 4*r + 2*i = -0*i + 78. List the prime factors of r.
2, 3
Suppose -2*d - x + 5 = 0, -5*d - 2*x + 4 + 9 = 0. Suppose -2*u + 5*q + 300 = 0, u - d*u + 4*q + 300 = 0. Let w = -106 + u. What are the prime factors of w?
2, 11
Suppose 40 = -12*j + 7*j. Let i(t) = 2 + 7 - 3*t + 0*t + 0. What are the prime factors of i(j)?
3, 11
Let y = 1182 - 599. List the prime factors of y.
11, 53
Suppose 5*z - 130 = -4*l - 594, 459 = -5*z + l. Let x = z - -193. List the prime factors of x.
101
Let f = -22 + 23. Let j(h) = -7*h**2 - h. Let t be j(f). List the prime factors of (-2)/(-8) - 254/t.
2
Let j = 319 + -165. Suppose -5*t = 15, -3*c + 4*t - 7 + j = 0. List the prime factors of c.
3, 5
Let z(v) = -5*v**3 - v**2. Let f be z(-1). Let c be ((-44)/(-33))/(f/(-66)). Let x = c - -46. List the prime factors of x.
2, 3
Suppose -2*i + 4*i - 8 = 0. Let h be 10/(-105)*1 + (-6136)/(-42). Suppose -i*j + h = -94. List the prime factors of j.
2, 3, 5
Let b(x) = -x**3 + 36*x**2 + 8*x - 49. List the prime factors of b(36).
239
Let q(b) = -16*b**3 - b**2 + b + 570. List the prime factors of q(0).
2, 3, 5, 19
Suppose -4*c + 11 = -3*g - 0*c, g + c = 1. What are the prime factors of (0 - 124 - 2)/g?
2, 3, 7
Let a be (-60)/(-24) - 1/(-2). Suppose -2*j - 3*h + 124 = -259, -3*j + a*h + 597 = 0. List the prime factors of j.
2, 7
Let y(b) = -2*b + 7. Let m be y(-4). Let k(f) = -f**2 + 12*f + 3. Let s be k(m). Let q = -16 - s. List the prime factors of q.
2, 13
Let x(a) = -20*a - 10. Let u(z) = z - 1. Let c(d) = 3*u(d) + x(d). What are the prime factors of c(-8)?
3, 41
Suppose -4*i + 2*g + 57 = 1, -i = 5*g - 14. Let y(u) = -10*u - i*u + 27*u + u**3 - 3. List the prime factors of y(3).
3, 11
What are the prime factors of (18 + -748)*2/(-4)?
5, 73
Let o(m) = m - 2. Let r be o(6). Suppose 2*l - 91 - 1005 = -3*t, -720 = -2*t + r*l. List the prime factors of t/18 + (-2)/9.
2, 5
Suppose -24 = 19*g - 16*g. What are the prime factors of ((-1)/(10/g))/(6/735)?
2, 7
Let i be 15/10*(-5)/(15/(-6)). Suppose 2*r = 2*a - 442, 224 = 3*a + i*r - 451. What are the prime factors of a?
223
Suppose -5*l - 13 = -3*r, -3*l + 3 = r - 5*l. What are the prime factors of r?
11
Suppose j + 17689 + 14040 = 5*g, 4*j = -5*g + 31734. What are the prime factors of g?
2, 19, 167
Suppose -2*r + 6 = 0, 0 = g - 2*r - 834 - 429. List the prime factors of g.
3, 47
Let g be 3/(322/158 + -2). Suppose h - g = -5*q, q - 11 = h - 0. List the prime factors of ((-6)/q)/((-1)/15).
2, 3
Let q be 0 + 0 + 3 - (-711 - 3). Let k = q + -427. List the prime factors of k.
2, 5, 29
Let t = -3 - -55. Let a = t + 57. What are the prime factors of a?
109
Let q = 28 - 24. Suppose 3*d = q*d - 8. Suppose -s = -5*s - 3*t + 268, 0 = 2*t + d. What are the prime factors of s?
2, 5, 7
Let h(d) = 9*d**2 - 36*d + 12. What are the prime factors of h(11)?
3, 5, 47
Let s(v) = v**3 - 5*v**2 + v + 13. Let w(k) = 6*k**2 + k + 1. Let b be w(-1). List the prime factors of s(b).
5, 11
Let j(o) = 6*o**2 - 29*o + 4. List the prime factors of j(-6).
2, 197
What are the prime factors of 31180/30 + 2/(-6)?
1039
Suppose -5*y = -0*p - 4*p + 739, y + p + 155 = 0. Suppose 4*k + 868 = -5*b, 5*k + 0*b + 2*b = -1102. Let v = y - k. What are the prime factors of v?
71
Suppose -n - 2*x = -41, -2*n + x = -6*n + 143. Suppose -n - 110 = -5*v. List the prime factors of v.
29
Let z(d) = d**2 - 5*d - 3. Let v be z(6). Let j(r) = -r + 1 - v*r + 1 - r. What are the prime factors of j(-4)?
2, 11
Suppose 0 = -9*f + 4*f - 260. Let h = 205 - 124. Let k = f + h. List the prime factors of k.
29
Suppose -y + 381 = 5*a, 1501 = 4*y - 7*a + 4*a. What are the prime factors of y?
2, 47
Let f(a) = -51*a**3 - 3*a**2 - a + 1. Let p be (-20)/12 - (-2)/3. List the prime factors of f(p).
2, 5
Let s(l) = 2*l - 4. Suppose 5 - 33 = -4*u. Let x be s(u). Suppose -5*w - 160 = -x*w. List the prime factors of w.
2
Let m be 1 - (-1 - 2) - -3116. Suppose m = 11*l + 4*l. List the prime factors of l.
2, 13
Let a(d) be the second derivative of -d**3 - 7*d**2 - d. Let y(t) = 6*t - 41. Let m be y(6). What are the prime factors of a(m)?
2
What are the prime factors of (-15)/17 + 1 - 64728/(-68)?
2, 7, 17
Let x be 1054/8 - 5/(-20). Suppose -5*a - r + 5*r = x, 5*r - 130 = 5*a. What are the prime factors of (-7)/a + (-103)/(-4)?
2, 13
Let r(i) = i**3 - 24*i**2 + 45*i + 114. List the prime factors of r(25).
2, 233
Let p be ((-2)/4)/(-3 - 105/(-36)). Suppose p*k + 91 = 643. List the prime factors of k.
2, 23
Let l be 5*2*(-1)/(-10). Let a be (-287)/(-14)*(1 + l). What are the prime factors of a/3 + (-4)/6?
13
Let g(x) be the second derivative of 13*x**3/3 - 15*x**2 - 7*x. List the prime factors of g(6).
2, 3, 7
Let a(r) = r**2 + r + 6. Let q be a(8). Suppose 4*s + 17*s = 0. Suppose -q = -3*z - s*z. List the prime factors of z.
2, 13
Let f(g) = g**3 - 20*g**2 + 19*g + 5. Let m be f(19). Suppose 0 = m*y - 2*y - 159. List the prime factors of y.
53
Let z be 27/(-12) - (-1)/((-8)/6). List the prime factors of (212 - (0 + 0)) + z.
11, 19
What are the prime factors of (-83218)/(-46) - 254/2921?
3, 67
Let r = 11 - 13. Let o = r - 3. What are the prime factors of (o - -6)*(1 - -5)?
2, 3
Suppose 2*r - 3*m - 251 = -0*r, 4*m + 624 = 5*r. List the prime